{"id":861,"date":"2022-09-25T22:27:03","date_gmt":"2022-09-25T20:27:03","guid":{"rendered":"https:\/\/coop-et-toits.fr\/?page_id=861"},"modified":"2022-09-25T22:43:38","modified_gmt":"2022-09-25T20:43:38","slug":"page-d-exemple-2","status":"publish","type":"page","link":"https:\/\/coop-et-toits.fr\/?page_id=861","title":{"rendered":"Foire Aux Questions"},"content":{"rendered":"\t\t<div data-elementor-type=\"wp-page\" data-elementor-id=\"861\" class=\"elementor elementor-861\">\n\t\t\t\t\t\t<section class=\"elementor-section elementor-top-section elementor-element elementor-element-6e34df65 elementor-section-boxed elementor-section-height-default elementor-section-height-default\" data-id=\"6e34df65\" data-element_type=\"section\" data-e-type=\"section\">\n\t\t\t\t\t\t<div class=\"elementor-container elementor-column-gap-default\">\n\t\t\t\t\t<div class=\"elementor-column elementor-col-100 elementor-top-column elementor-element elementor-element-104466b1\" data-id=\"104466b1\" data-element_type=\"column\" data-e-type=\"column\">\n\t\t\t<div class=\"elementor-widget-wrap elementor-element-populated\">\n\t\t\t\t\t\t<div class=\"elementor-element elementor-element-7ce0fbdd elementor-widget elementor-widget-text-editor\" data-id=\"7ce0fbdd\" data-element_type=\"widget\" data-e-type=\"widget\" data-widget_type=\"text-editor.default\">\n\t\t\t\t<div class=\"elementor-widget-container\">\n\t\t\t\t\t\t\t\t\t<p><strong>Comment le projet est-il financ\u00e9\u00a0?<\/strong><\/p><p><strong>\u00a0<\/strong><span style=\"font-size: 15px;\">Il existe beaucoup de solutions pour financer un projet d\u2019habitat coop\u00e9ratif.\u00a0 Rejoindre Coop &amp; Toits, c\u2019est aussi contribuer \u00e0 d\u00e9finir son mod\u00e8le financier.<\/span><\/p><p>G\u00e9n\u00e9ralement, la coop\u00e9rative devient propri\u00e9taire du foncier \u00e0 l\u2019aide d\u2019un emprunt bancaire collectif. Au d\u00e9but du projet, les membres de la coop\u00e9rative acqui\u00e8rent des parts sociales &#8211; l\u2019apport initial &#8211; \u00e9quivalant \u00e0 20% du total du projet pour obtenir l\u2019emprunt. Par la suite, les membres de la coop\u00e9rative s\u2019acquittent d\u2019une redevance mensuelle afin de rembourser l\u2019emprunt, payer les charges de l\u2019immeuble ainsi que les provisions pour travaux. Le pr\u00eat \u00e9tant rembours\u00e9 progressivement, les int\u00e9r\u00eats diminuent et le montant des redevances \u00e9galement.<\/p><p>Mais il est \u00e9galement possible de louer le foncier, \u00e0 travers un bailleur social, un bail emphyt\u00e9otique, etc.<\/p><p><img fetchpriority=\"high\" decoding=\"async\" data-recalc-dims=\"1\" class=\"alignnone size-full wp-image-881\" src=\"https:\/\/i0.wp.com\/coop-et-toits.fr\/wp-content\/uploads\/2022\/09\/Financement.png?resize=605%2C339&#038;ssl=1\" alt=\"\" width=\"605\" height=\"339\" srcset=\"https:\/\/i0.wp.com\/coop-et-toits.fr\/wp-content\/uploads\/2022\/09\/Financement.png?w=605&amp;ssl=1 605w, https:\/\/i0.wp.com\/coop-et-toits.fr\/wp-content\/uploads\/2022\/09\/Financement.png?resize=300%2C168&amp;ssl=1 300w\" sizes=\"(max-width: 605px) 100vw, 605px\" \/><\/p><ul><li><strong> Quelle doit \u00eatre ma mise de d\u00e9part pour en faire partie\u00a0?<\/strong><\/li><\/ul><p><strong>\u00a0<\/strong><span style=\"font-size: 15px;\">Cela d\u00e9pend des ressources que vous pouvez allouer au projet, qui d\u00e9terminent ensuite le montage financier \u00e0 adopter. Mais quelles qu\u2019elles soient, nous avons bien l\u2019intention que la coop\u00e9rative soit ouverte \u00e0 tou\u00b7tes en mettant en place des dispositifs de solidarit\u00e9 entre ses participant\u00b7es.<\/span><\/p><ul style=\"font-variant-ligatures: normal; font-variant-caps: normal; font-family: Rubik; font-size: 15px; font-style: normal; font-weight: 400;\"><li style=\"font-size: 15px;\"><strong style=\"font-size: 15px;\">Comment se prendront les d\u00e9cisions sur le fonctionnement de la coop\u00e9rative\u00a0?<\/strong><\/li><\/ul><p><strong>\u00a0<\/strong><span style=\"font-size: 15px;\">Les membres de la coop\u00e9rative d\u00e9cident collectivement de la gestion de celle-ci via des assembl\u00e9es g\u00e9n\u00e9rales et des groupes de travail, selon le principe \u00e9galitaire 1 personne = 1 voix. Actuellement, l\u2019association prend ses d\u00e9cisions de fa\u00e7on similaire mais en privil\u00e9giant avant tout le consensus.<\/span><\/p><ul style=\"font-variant-ligatures: normal; font-variant-caps: normal; font-family: Rubik; font-size: 15px; font-style: normal; font-weight: 400;\"><li style=\"font-size: 15px;\"><strong style=\"font-size: 15px;\">Si je revends mes parts, qu\u2019est-ce que je r\u00e9cup\u00e8re financi\u00e8rement parlant\u00a0?<\/strong><\/li><\/ul><p>Lorsqu\u2019une personne quitte la coop\u00e9rative, elle r\u00e9cup\u00e8re les parts sociales investies au d\u00e9part, revaloris\u00e9es en fonction de l\u2019augmentation du co\u00fbt de la vie, ainsi que de parts acquisitives si le montage financier le permet.<\/p><ul><li><strong> En cas de d\u00e9c\u00e8s, qu\u2019arrive-t-il aux parts de la coop\u00e9rative que je poss\u00e8de\u00a0?<\/strong><\/li><\/ul><p>\u00a0E<span style=\"font-size: 15px;\">lles reviennent aux h\u00e9ritiers. S\u2019ils souhaitent entrer dans la coop\u00e9rative, celle-ci pourra alors d\u00e9cider de les coopter. Sinon, elles leurs sont rembours\u00e9es par la coop\u00e9rative qui recherche alors une nouvelle personne coop\u00e9ratrice. Le d\u00e9lai pour ces remboursements est pr\u00e9vu au d\u00e9marrage de la coop\u00e9rative.<\/span><\/p><ul><li><strong> Qu\u2019est-ce que je poss\u00e8de exactement\u00a0?<\/strong><\/li><\/ul><p><strong>\u00a0<\/strong><span style=\"font-size: 15px;\">De fa\u00e7on individuelle, un membre de la coop\u00e9rative est propri\u00e9taire des parts sociales qu\u2019il a investies dans la coop\u00e9rative et peut r\u00e9cup\u00e9rer s\u2019il ou elle d\u00e9cide de partir. Collectivement, les coop\u00e9rateurs et coop\u00e9ratrices poss\u00e8dent leur immeuble, mais sont locataires de leur appartement.<\/span><\/p><ul><li><strong> O\u00f9 va-t-on habiter\u00a0?<\/strong><\/li><\/ul><p>Cela n\u2019est pas encore d\u00e9cid\u00e9 : l\u2019association Coop &amp; Toits est actuellement en discussion avec plusieurs collectivit\u00e9s de proche banlieue. Car la premi\u00e8re chose, pour d\u00e9buter le projet, c\u2019est de disposer d\u2019un terrain !<\/p><ul><li><strong> Qu\u2019est-ce qui est \u00e0 moi\u00a0? Qu\u2019est-ce qui est aux autres\u00a0?<\/strong><\/li><\/ul><p>Chacun\u00b7e est propri\u00e9taire de ses parts sociales et locataire de son habitation. Il existe \u00e9galement des espaces communs int\u00e9rieurs et ext\u00e9rieurs\u2026 Tout est envisageable, ce sera \u00e0 nous tou\u00b7tes de l\u2019imaginer ensemble.<\/p><ul><li><strong> C\u2019est pas un peu utopique comme projet\u00a0?<\/strong><\/li><\/ul><p><strong>\u00a0<\/strong><span style=\"font-size: 15px;\">H\u00e9 non ! Car plusieurs coop\u00e9ratives d\u2019habitation existent d\u00e9j\u00e0 en France, comme \u00e0 Toulouse, Bordeaux, Lyon ou Villeurbanne\u2026 \u00c0 l\u2019\u00e9chelle europ\u00e9enne, le \u00ab retard \u00bb fran\u00e7ais s\u2019explique par le fait que les coop\u00e9ratives d\u2019habitation ont longtemps \u00e9t\u00e9 interdites par la loi.<\/span><\/p><p>Cette image sera adapt\u00e9e et ajout\u00e9e UNIQUEMENT si le premier maquettage montre qu&rsquo;il y a de la place.<\/p><p>Si pas de place, possibilit\u00e9 de l\u2019ajouter plus tard comme une feuille \u00ab\u00a0volante\u00a0\u00bb dans le flyer.<\/p>\t\t\t\t\t\t\t\t<\/div>\n\t\t\t\t<\/div>\n\t\t\t\t\t<\/div>\n\t\t<\/div>\n\t\t\t\t\t<\/div>\n\t\t<\/section>\n\t\t\t\t<\/div>\n\t\t","protected":false},"excerpt":{"rendered":"<p>Comment le projet est-il financ\u00e9\u00a0? \u00a0Il existe beaucoup de solutions pour financer un projet d\u2019habitat coop\u00e9ratif.\u00a0 Rejoindre Coop &amp; Toits, c\u2019est aussi contribuer \u00e0 d\u00e9finir son mod\u00e8le financier. G\u00e9n\u00e9ralement, la coop\u00e9rative devient propri\u00e9taire du foncier \u00e0 l\u2019aide d\u2019un emprunt bancaire collectif. Au d\u00e9but du projet, les membres de la coop\u00e9rative acqui\u00e8rent des parts sociales &#8211; [&hellip;]<\/p>\n","protected":false},"author":1,"featured_media":0,"parent":0,"menu_order":0,"comment_status":"closed","ping_status":"closed","template":"","meta":{"ocean_post_layout":"","ocean_both_sidebars_style":"","ocean_both_sidebars_content_width":0,"ocean_both_sidebars_sidebars_width":0,"ocean_sidebar":"","ocean_second_sidebar":"","ocean_disable_margins":"enable","ocean_add_body_class":"","ocean_shortcode_before_top_bar":"","ocean_shortcode_after_top_bar":"","ocean_shortcode_before_header":"","ocean_shortcode_after_header":"","ocean_has_shortcode":"","ocean_shortcode_after_title":"","ocean_shortcode_before_footer_widgets":"","ocean_shortcode_after_footer_widgets":"","ocean_shortcode_before_footer_bottom":"","ocean_shortcode_after_footer_bottom":"","ocean_display_top_bar":"default","ocean_display_header":"default","ocean_header_style":"","ocean_center_header_left_menu":"","ocean_custom_header_template":"","ocean_custom_logo":0,"ocean_custom_retina_logo":0,"ocean_custom_logo_max_width":0,"ocean_custom_logo_tablet_max_width":0,"ocean_custom_logo_mobile_max_width":0,"ocean_custom_logo_max_height":0,"ocean_custom_logo_tablet_max_height":0,"ocean_custom_logo_mobile_max_height":0,"ocean_header_custom_menu":"","ocean_menu_typo_font_family":"","ocean_menu_typo_font_subset":"","ocean_menu_typo_font_size":0,"ocean_menu_typo_font_size_tablet":0,"ocean_menu_typo_font_size_mobile":0,"ocean_menu_typo_font_size_unit":"px","ocean_menu_typo_font_weight":"","ocean_menu_typo_font_weight_tablet":"","ocean_menu_typo_font_weight_mobile":"","ocean_menu_typo_transform":"","ocean_menu_typo_transform_tablet":"","ocean_menu_typo_transform_mobile":"","ocean_menu_typo_line_height":0,"ocean_menu_typo_line_height_tablet":0,"ocean_menu_typo_line_height_mobile":0,"ocean_menu_typo_line_height_unit":"","ocean_menu_typo_spacing":0,"ocean_menu_typo_spacing_tablet":0,"ocean_menu_typo_spacing_mobile":0,"ocean_menu_typo_spacing_unit":"","ocean_menu_link_color":"","ocean_menu_link_color_hover":"","ocean_menu_link_color_active":"","ocean_menu_link_background":"","ocean_menu_link_hover_background":"","ocean_menu_link_active_background":"","ocean_menu_social_links_bg":"","ocean_menu_social_hover_links_bg":"","ocean_menu_social_links_color":"","ocean_menu_social_hover_links_color":"","ocean_disable_title":"default","ocean_disable_heading":"default","ocean_post_title":"","ocean_post_subheading":"","ocean_post_title_style":"","ocean_post_title_background_color":"","ocean_post_title_background":0,"ocean_post_title_bg_image_position":"","ocean_post_title_bg_image_attachment":"","ocean_post_title_bg_image_repeat":"","ocean_post_title_bg_image_size":"","ocean_post_title_height":0,"ocean_post_title_bg_overlay":0.5,"ocean_post_title_bg_overlay_color":"","ocean_disable_breadcrumbs":"default","ocean_breadcrumbs_color":"","ocean_breadcrumbs_separator_color":"","ocean_breadcrumbs_links_color":"","ocean_breadcrumbs_links_hover_color":"","ocean_display_footer_widgets":"default","ocean_display_footer_bottom":"default","ocean_custom_footer_template":"","footnotes":""},"class_list":["post-861","page","type-page","status-publish","hentry","entry"],"jetpack_sharing_enabled":true,"_links":{"self":[{"href":"https:\/\/coop-et-toits.fr\/index.php?rest_route=\/wp\/v2\/pages\/861","targetHints":{"allow":["GET"]}}],"collection":[{"href":"https:\/\/coop-et-toits.fr\/index.php?rest_route=\/wp\/v2\/pages"}],"about":[{"href":"https:\/\/coop-et-toits.fr\/index.php?rest_route=\/wp\/v2\/types\/page"}],"author":[{"embeddable":true,"href":"https:\/\/coop-et-toits.fr\/index.php?rest_route=\/wp\/v2\/users\/1"}],"replies":[{"embeddable":true,"href":"https:\/\/coop-et-toits.fr\/index.php?rest_route=%2Fwp%2Fv2%2Fcomments&post=861"}],"version-history":[{"count":12,"href":"https:\/\/coop-et-toits.fr\/index.php?rest_route=\/wp\/v2\/pages\/861\/revisions"}],"predecessor-version":[{"id":884,"href":"https:\/\/coop-et-toits.fr\/index.php?rest_route=\/wp\/v2\/pages\/861\/revisions\/884"}],"wp:attachment":[{"href":"https:\/\/coop-et-toits.fr\/index.php?rest_route=%2Fwp%2Fv2%2Fmedia&parent=861"}],"curies":[{"name":"wp","href":"https:\/\/api.w.org\/{rel}","templated":true}]}}

<div data-elementor-type="wp-page" data-elementor-id="861" class="elementor elementor-861">
						<section class="elementor-section elementor-top-section elementor-element elementor-element-6e34df65 elementor-section-boxed elementor-section-height-default elementor-section-height-default" data-id="6e34df65" data-element_type="section" data-e-type="section">
						<div class="elementor-container elementor-column-gap-default">
					<div class="elementor-column elementor-col-100 elementor-top-column elementor-element elementor-element-104466b1" data-id="104466b1" data-element_type="column" data-e-type="column">
			<div class="elementor-widget-wrap elementor-element-populated">
						<div class="elementor-element elementor-element-7ce0fbdd elementor-widget elementor-widget-text-editor" data-id="7ce0fbdd" data-element_type="widget" data-e-type="widget" data-widget_type="text-editor.default">
				<div class="elementor-widget-container">
									<p><strong>Comment le projet est-il financé ?</strong></p><p><strong> </strong><span style="font-size: 15px;">Il existe beaucoup de solutions pour financer un projet d’habitat coopératif.  Rejoindre Coop &amp; Toits, c’est aussi contribuer à définir son modèle financier.</span></p><p>Généralement, la coopérative devient propriétaire du foncier à l’aide d’un emprunt bancaire collectif. Au début du projet, les membres de la coopérative acquièrent des parts sociales &#8211; l’apport initial &#8211; équivalant à 20% du total du projet pour obtenir l’emprunt. Par la suite, les membres de la coopérative s’acquittent d’une redevance mensuelle afin de rembourser l’emprunt, payer les charges de l’immeuble ainsi que les provisions pour travaux. Le prêt étant remboursé progressivement, les intérêts diminuent et le montant des redevances également.</p><p>Mais il est également possible de louer le foncier, à travers un bailleur social, un bail emphytéotique, etc.</p><p><img fetchpriority="high" decoding="async" data-recalc-dims="1" class="alignnone size-full wp-image-881" src="https://i0.wp.com/coop-et-toits.fr/wp-content/uploads/2022/09/Financement.png?resize=605%2C339&#038;ssl=1" alt="" width="605" height="339" srcset="https://i0.wp.com/coop-et-toits.fr/wp-content/uploads/2022/09/Financement.png?w=605&amp;ssl=1 605w, https://i0.wp.com/coop-et-toits.fr/wp-content/uploads/2022/09/Financement.png?resize=300%2C168&amp;ssl=1 300w" sizes="(max-width: 605px) 100vw, 605px" /></p><ul><li><strong> Quelle doit être ma mise de départ pour en faire partie ?</strong></li></ul><p><strong> </strong><span style="font-size: 15px;">Cela dépend des ressources que vous pouvez allouer au projet, qui déterminent ensuite le montage financier à adopter. Mais quelles qu’elles soient, nous avons bien l’intention que la coopérative soit ouverte à tou·tes en mettant en place des dispositifs de solidarité entre ses participant·es.</span></p><ul style="font-variant-ligatures: normal; font-variant-caps: normal; font-family: Rubik; font-size: 15px; font-style: normal; font-weight: 400;"><li style="font-size: 15px;"><strong style="font-size: 15px;">Comment se prendront les décisions sur le fonctionnement de la coopérative ?</strong></li></ul><p><strong> </strong><span style="font-size: 15px;">Les membres de la coopérative décident collectivement de la gestion de celle-ci via des assemblées générales et des groupes de travail, selon le principe égalitaire 1 personne = 1 voix. Actuellement, l’association prend ses décisions de façon similaire mais en privilégiant avant tout le consensus.</span></p><ul style="font-variant-ligatures: normal; font-variant-caps: normal; font-family: Rubik; font-size: 15px; font-style: normal; font-weight: 400;"><li style="font-size: 15px;"><strong style="font-size: 15px;">Si je revends mes parts, qu’est-ce que je récupère financièrement parlant ?</strong></li></ul><p>Lorsqu’une personne quitte la coopérative, elle récupère les parts sociales investies au départ, revalorisées en fonction de l’augmentation du coût de la vie, ainsi que de parts acquisitives si le montage financier le permet.</p><ul><li><strong> En cas de décès, qu’arrive-t-il aux parts de la coopérative que je possède ?</strong></li></ul><p> E<span style="font-size: 15px;">lles reviennent aux héritiers. S’ils souhaitent entrer dans la coopérative, celle-ci pourra alors décider de les coopter. Sinon, elles leurs sont remboursées par la coopérative qui recherche alors une nouvelle personne coopératrice. Le délai pour ces remboursements est prévu au démarrage de la coopérative.</span></p><ul><li><strong> Qu’est-ce que je possède exactement ?</strong></li></ul><p><strong> </strong><span style="font-size: 15px;">De façon individuelle, un membre de la coopérative est propriétaire des parts sociales qu’il a investies dans la coopérative et peut récupérer s’il ou elle décide de partir. Collectivement, les coopérateurs et coopératrices possèdent leur immeuble, mais sont locataires de leur appartement.</span></p><ul><li><strong> Où va-t-on habiter ?</strong></li></ul><p>Cela n’est pas encore décidé : l’association Coop &amp; Toits est actuellement en discussion avec plusieurs collectivités de proche banlieue. Car la première chose, pour débuter le projet, c’est de disposer d’un terrain !</p><ul><li><strong> Qu’est-ce qui est à moi ? Qu’est-ce qui est aux autres ?</strong></li></ul><p>Chacun·e est propriétaire de ses parts sociales et locataire de son habitation. Il existe également des espaces communs intérieurs et extérieurs… Tout est envisageable, ce sera à nous tou·tes de l’imaginer ensemble.</p><ul><li><strong> C’est pas un peu utopique comme projet ?</strong></li></ul><p><strong> </strong><span style="font-size: 15px;">Hé non ! Car plusieurs coopératives d’habitation existent déjà en France, comme à Toulouse, Bordeaux, Lyon ou Villeurbanne… À l’échelle européenne, le « retard » français s’explique par le fait que les coopératives d’habitation ont longtemps été interdites par la loi.</span></p><p>Cette image sera adaptée et ajoutée UNIQUEMENT si le premier maquettage montre qu&rsquo;il y a de la place.</p><p>Si pas de place, possibilité de l’ajouter plus tard comme une feuille « volante » dans le flyer.</p>								</div>
				</div>
					</div>
		</div>
					</div>
		</section>
				</div>

<p>Comment le projet est-il financé ?  Il existe beaucoup de solutions pour financer un projet d’habitat coopératif.  Rejoindre Coop &amp; Toits, c’est aussi contribuer à définir son modèle financier. Généralement, la coopérative devient propriétaire du foncier à l’aide d’un emprunt bancaire collectif. Au début du projet, les membres de la coopérative acquièrent des parts sociales &#8211; [&hellip;]</p>
